+ (16 - (44 - -6)) - (2 - -11).
-47
What is 5 + 1 + (0 - (-5 - -2)) + (1383 - 1459)?
-67
Calculate -45 + (-6 - (-34 - (1 - 22))).
-38
What is the value of -17 + (10 + 2 - 8) + (115 + -6 - 5)?
91
Evaluate 9 - (95 - ((17 - 16) + 39)).
-46
-36 + 33 + 34 + -15
16
What is the value of (-9 - 2) + (-2 - 12 - -46)?
21
Calculate (-3 - -2) + -7 + 15 + -10 - 0.
-3
What is the value of (4 + 3 - 10 - 2) + 9 + 12?
16
What is the value of -14 - (-3 - 9 - -1 - -21)?
-24
What is the value of -17 - (88 - (2 + (-8 - -36)))?
-75
What is (-2 - -10) + (6 - -48 - 76)?
-14
What is -21 + 0 + (-9 - 2)?
-32
(8 - (27 + 31)) + 35
-15
What is the value of -2 - (-138 + 0 + (16 - 53) + 25)?
148
Evaluate -1 + -8 + -42 + 0 + (-12 - (-33 - -10)).
-40
What is the value of 8 + -72 + (60 - (42 - 9))?
-37
Calculate 13 + (-7 - -33) - (1 + 12).
26
What is the value of -46 + (-2 - -3 - 0) + 113 + -103?
-35
Calculate 3306 + -3302 + (0 - -59).
63
-34 - 5 - (-25 - -67 - 21)
-60
Evaluate 131 - 100 - (36 + -1).
-4
Calculate -33 + (-25 - (31 - 62)).
-27
-3 + 36 + 1 - (-6 + 1 + 3 - -5)
31
Evaluate 141 + -157 + 9 + -11 + 1 + -13.
-30
Evaluate 12 + -45 + (8 - -14) + (-5 - -162).
146
Evaluate -204 - -191 - (0 + -16 - 7).
10
114 + 1 + 3 + (5720 - 5766)
72
What is -10 - (38 - (43 - (-9 + 35)))?
-31
What is the value of (-65 + 22 + 21 - 4) + (12 - 2)?
-16
Calculate -16 - -122 - 4 - 68.
34
Evaluate 2 - -31 - (1631 - 1573).
-25
(-4 - -17 - (32 - 27)) + (75 - (10 + -4))
77
3 + -127 + -2260 + 2321
-63
What is 70 - -11 - (-27 - -5 - -8 - -4)?
91
Calculate 12 + -5 + 10 + 23 - (-1 + 2 + -6).
45
What is the value of -12 + -45 - -49 - (1 + 0 - (-23 - 38))?
-70
(3 - (-2 - -46)) + 754 + -746
-33
Calculate (-7 - (13 - 28) - (19 + -6)) + -7 + 5.
-7
What is the value of 1 - -35 - (9149 - 9188)?
75
What is the value of 21 + (12 - -12) - (-138 - -59)?
124
What is the value of (-48 + 8 - (1 - -3)) + -58 + 43?
-59
Evaluate (-210 + 77 - (-31 + -4)) + (2 - 2).
-98
Calculate (-68 + -49 - -114) + (1 - -85).
83
82 - (142 + -26 + -153)
119
-7 - (-52 + (60 - -39))
-54
What is 20 + (-27 - (-19 + 3))?
9
1 + 2 + 1 + 0 + 61 + 4 + 5
74
What is 162 + -33 + 42 + -46 + 21?
146
What is the value of -120 + (64 - -69) + 3 + 0?
16
What is the value of 1 - 13 - (-46 - (-60 + 60 - 34))?
0
What is the value of -14 + (-17 - (8 + -32) - (3 + 31))?
-41
Evaluate 28 - (-141 + 81 + 8 + -50).
130
Calculate 22 + 5 + -2 - (-1419 - -1441).
3
Calculate (-26 - -4) + 6 + 16 - -18.
18
What is the value of (0 - 38) + -65 + -13 + -46 + 114?
-48
What is the value of 1 + -2 + -14 + (-98 - -222) + -131?
-22
Calculate -11 - ((27 + -87 - -10) + -33 - (-1 - 14)).
57
What is -1 + -1 + -25 - (-105 + 48 + 50)?
-20
Calculate (5 - 7 - 4) + -65 + (10 + -25 - -15).
-71
What is the value of (23 - (65 - 36)) + (0 - 2 - 23) + -3?
-34
Evaluate (149 + -88 - -52) + (-5 - (0 + 5)).
103
Calculate -2672 - -2655 - (-56 - 0).
39
Calculate 11 + (-39 - 0) - (3 + -5).
-26
What is 23 + (2 - (10 - -45)) + 11?
-19
What is the value of (-11 - -1 - (7 - 24)) + 55?
62
What is the value of (74 - (237 - 167)) + -1 + -17?
-14
What is the value of 34 - (4 + -81 + 117)?
-6
Calculate -27 - 20 - (-54 + -1).
8
What is the value of 78 + (92 + 11 - 155)?
26
Calculate -3 + -13 - (-368 + 356 - ((-2 - 0) + -1)).
-7
Calculate 3 + -3 - -7 - (-18 + (2 - 30)).
53
Calculate 80 + (-21 - 0 - (-5 + -27)).
91
Calculate 9 + (-20 - (-45 - 29)) + 0 + -1 + 2.
64
(129 - 112) + (65 - 56 - (21 + 0))
5
Calculate (-1 - -11 - (-490 + 567)) + -4.
-71
Calculate (-16 - -7) + -6 - ((10 - -48) + 12).
-85
Calculate -37 + 117 - 113 - -99.
66
(95 - (59 - (57 + -38))) + (1 - 11)
45
What is the value of -118 + 176 + 9 + 10 + -33?
44
Calculate (0 - 31) + (41 - (8 + 26) - (12 + 1)).
-37
15 + (-106 - -24) + 32
-35
What is the value of 57 + -85 + 6 + -6 + 0?
-28
1 + 9 + -13 + 5 - 31
-29
(-15 - (3 + -1) - -3) + (3 - 41 - -29)
-23
What is -52 + 47 - (-42 - 2 - (-1 - -6))?
44
Calculate 18 + 36 + -36 + -20.
-2
Calculate 13 + 106 - (440 + -370).
49
What is the value of (-2416 - -2380) + (-1 - 10)?
-47
Evaluate -4 + 11 - 57 - (170 - 190).
-30
What is the value of -10 + (9 - (5 + -11 + 5)) - -2?
2
-34 - ((-15 - -46) + -198 + 33)
100
Evaluate ((2 - 5) + -7 + 8 - 0) + 4 + -92.
-90
What is 1 - -50 - (559 + -565)?
57
Evaluate (-4 + 0 - ((36 - 13) + (11 - 29))) + 34.
25
-67 + (-6859 - -6846 - ((1 - 2) + -18))
-61
Evaluate 5 + (-8 - 4) - 3 - (-2 - 74).
66
What is 113 + 1 + 9 + (-7 - 2) - (-1 - 13)?
128
Evaluate 52 + -28 + -65 + 82.
41
(24 - -42) + -10 - (20 + 0)
36
What is -3 + -1 + (285 - (-225 - -391))?
115
Evaluate -48 + (-3 - (-6 - ((9 - 21) + -6))) + 9.
-54
What is the value of (-8 + 9 - 6) + (-16 + 19 - -38)?
36
What is 52 + -1 + -125 - -27?
-47
-5 + (3 - -1 - 1) - (895 + -887)
-10
What is the value of (-28 - -13) + 23 + -5 + -12?
-9
19 - (-4 - -14 - (-35 - (-42 + 57)))
-41
Evaluate (-5 - 3 - (-5 + -13)) + (39 - 102).
-53
What is (-2 - -14) + (-22 - -30) + (7 - 2)?
25
What is the value of (-79 - -92 - 11) + (-1 - (0 - -38))?
-37
What is 28 + -107 - 28 - -62?
-45
Evaluate -25 + (-51 - (17 - (-19 + 11 - -12))).
-89
What is the value of -5 + (-1 - -25) + -63?
-44
Evaluate (-23 - -22 - 28 - -27) + 1 + -10.
-11
Evaluate (-2 - -17) + 2 - (-7285 + 7283).
19
Evaluate (-33 - (12 + (4 - 28))) + 87.
66
-1 + -4 - (-105 + -4 - (-159 + 97))
42
Calculate 79 + -16 + (103 - 105).
61
What is the value of 3 - (-41 - (-58 + 9))?
-5
Evaluate -4 + 7 + 15 + -11 + (12 - 100).
-81
Evaluate -16 + (162 - 78) - 46.
22
What is the value of -39 + 42 + -28 + (8 - -16)?
-1
Evaluate (-5 - (-10 + (-55 - -69))) + 0 + 1 + 147.
139
-960 - -967 - ((5 - (12 - -4 - 5)) + -1)
14
282 - 257 - (1 + 27)
-3
What is -84 - (75 + (-74 - -17))?
-102
What is the value of 7 - 4 - 7 - (6 + -11) - (-4 - -18)?
-13
Evaluate 0 + (-17 - 2) + 4074 + -4018.
37
What is -3 + -19 - (-56 - -35) - -12?
11
What is the value of 29 + -10 - (28 + -17) - (52 - (1 + -2))?
-45
What is the value of (0 - -16) + (47 + 24 - 121)?
-34
Calculate (34 - (59 + -4)) + 25.
4
Calculate -46 + (73 - 63) + 60.
24
What is (42 + -4 - 4) + 81 + -68 + 3?
50
Calculate -121 + (203 - 100) - -116.
98
52 + 9 + -27 + 14 + 2 + 10 + 0
60
Evaluate -51 - -76 - (-36 + 19).
42
What is (96 - (264 + -95)) + 0 + (0 - 0)?
-73
Calculate -22 - (-12 + 15) - (-3 - 15).
-7
Evaluate 105 - (-2 - (-39 - -34 - (22 + -14))).
94
What is the value of -2 - (3 + (22 - (21 + 1)))?
-5
What is the value of 15 + -21 + (9 - (29 + 15 + -4) - -3)?
-34
Evaluate -28 + 9 - -7 - (2 - (-10 - -2)).
-22
What is the value of 34 + 28 - (-44 - -53)?
53
Evaluate (6 - 16) + 661 + -733.
-82
What is (-285 + 290 - (-2 + -1)) + -8 + 0 + -66?
-66
Calculate -5 + -6 + (-38 - (-15 - (-12 + 3))).
-43
Evaluate (75 - (21 - -96)) + 1 + 49.
8
What is (-551 - -547) + 50 + (-3 - 0)?
43
Calculate -23 + 16 + 22 + 2 + 39.
56
Evaluate 43 + (0 + 7 - (9 - 6)) + 0.
47
Calculate -397 - -422 - ((5 - 2) + 0 + -1).
23
What is (-2 - 6 - (1 + 2)) + (861 - 859) - 105?
-114
0 - (-9 - (0 + -25) - 5 - (-8 + -1))
-20
What is the value of (14 - -8) + 4 - 73?
-47
What is the value of (-103 - -118) + 1 + (-9 - 38)?
-31
Calculate 24 + -12 + 2 + -7 + (22 - 9) - -12.
32
What is -3197 + 3196 - ((0 - 20) + -1)?
20
14 - (16 - (43 + -21)) - -11
31
-24 - (-11 + (6 - 12) - -31)
-38
What is -4 + (-21 - (10 - 28)) - -16?
9
0 - (3 - 41 - (1 + (-30 + 12 - -9)))
30
What is the value of -16 - (-20 - (3 + -51 - -14))?
-30
Evaluate (102 - 116) + (45 - -7).
38
What is -4665 + 4687 + -1 + 2 + -10 + 2?
15
Evaluate (52 - 32) + -10 + (-5 - (0 - 13)).
18
What is -14 + 0 - -4 - -4 - (657 - 667)?
4
Evaluate 0 - 85 - (108 + (38 - 139)).
-92
What is the value of (-5 - -29 - (-7 - -3 - -12)) + 6?
22
What is the value of -6 + -4 - 36 - (1 - -2 - -5 - -3)?
-57
What is the value of (-57 - -5) + 108 + -56?
0
Evaluate (-11 - -51) + (-14 - -1) - 17.
10
Calculate (0 - 40) + -4530 + 4661.
91
Evaluate (-1 - -61 - (-109 + 124)) + -5.
40
Calculate -1 + 49 + (-9438 - -9451).
61
-40 + (-5 - (0 - 36)) - (0 + 43 - -1)
-53
Evaluate -14 - -17 - ((-2 - -3) + -2 + -3).
7
What is the value of -90 + -95 + 277 - 65?
27
Calculate -13 + 5 + 2 - (5 + -15 + -7) - 51.
-40
5 + -2 + (-4 - -3) - (-36 - -6 - 14)
46
Evaluate (-41 - -31) + 44 - 56.
-22
What is the value of -13 + 0 - (-19354 + 19339)?
2
Evaluate 22 + 0 - (-210 + 340) - -9.
-99
227 - 213 - (2 - (-6 